 - (3 - -1 - 0)).
57
Calculate -16 + (39 + -25 + -5 - -71).
64
Calculate -24693 + 24666 - (2 - 2 - 65).
38
What is the value of 11 + -7 - (6 - -4)?
-6
What is (437 - 404) + -4 + -76 + 7?
-40
Evaluate (-248 - -1) + 7530 + -7411.
-128
Evaluate 5 + -43 + 12 + -6 - (4 + -1).
-35
What is (1 - 11) + 13 + 10 + -4 + -63?
-54
What is 57 + -35 - (-26 + -1 + -9)?
58
Evaluate -1 + 7 + (-137 + 218 - (-3 + 2 + 2)).
86
-40 - (-41 - -29) - 6
-34
What is the value of -3 + 10 + -2 - (-2 - -75 - (567 + -589))?
-90
-24 + 3 + (-4 - -16) + -3 + (2 - 11)
-21
Evaluate -31 - (-22 - (-1 - (-37 - 12))).
39
39 - (9 - (-62 + 55 - (-25 - -3)))
45
Calculate -1 + 3 + 1 + -6 + (-23 - -12 - 16).
-30
What is -14578 + 14585 - (-13 + 0 + -1)?
21
What is the value of 6 + (78 - 153) + 1 + -1?
-69
Evaluate 121 + 28 + -74 + -79.
-4
31 - (-14 - -63) - (42 - 16)
-44
What is 3 + 57 + 3 + -2 + (3 - 26 - -16)?
54
Evaluate 89 + -178 + 79 + 55.
45
Calculate (-5 - (0 - 12) - -5) + (-1 - (-34 + -25)).
70
What is the value of 6 + 14 + -10 + 1 - (2 + 51)?
-42
What is -44 - (62 + -109 + -39)?
42
What is the value of 13 + -3 + -90 + 0 + (-4 - -20) + -5?
-69
What is -19 - (95 + -56) - -8?
-50
2 + -8 - ((2 - -4 - 96) + (-6 - -3))
87
Calculate -5 + (0 - -1) + (21 - -14) + -20 - 50.
-39
Evaluate -19 + 0 - (148 - 111 - 4).
-52
Evaluate 2 + -38 - (-90 - -98 - 7).
-37
Evaluate 111 + (-77 - -90) + -100.
24
Calculate -1736 + 1683 - (-78 - 0).
25
What is -8 + (-34 - (-85 - 35))?
78
What is the value of 69 + 57 + -42 - 48?
36
What is the value of 30 + (1 - 36 - (174 + -192))?
13
Evaluate -46 - 6 - (-2 - (0 - -13)).
-37
Calculate (-33 + 43 - -19) + -26 - (-30 + -2).
35
Calculate -43 + 6 - 68 - -208.
103
Calculate -13 - (14 - -1 - (1669 - 1644)).
-3
35 + 99 + -72 + (1 + 0 - 0)
63
Evaluate (-25 + -1 - 45 - -43) + -10.
-38
3 - (-6 + -17 + 26 + -46)
46
Calculate -12 + 20 - (9 + -17) - (-19 + 1).
34
What is the value of (30 - -8) + -17 - 22?
-1
What is the value of 10 + -29 + 2 + 35 + 20 + 8?
46
14 + 72 + (-7 - ((-6 - 0) + (-68 - -65)))
88
13 - ((48 - ((-7 - -10) + 2)) + -5)
-25
-8 + (9 - 13 - -2 - -11 - -89)
90
(-31 - (-7 - -7)) + (-46 - (2 - 46))
-33
3 + (-1 - 3 - (-22 - -20)) + 17
18
What is the value of (-62 - -98 - 42) + (1 - 31) - (13 - -1)?
-50
21 - ((-37 - -45) + 83 + 46)
-116
What is the value of (59 - 130) + 2 - -37?
-32
Calculate -76 - (-52 - (-56 - -14)).
-66
Calculate ((23 - 5 - 14) + -13 - -4) + 35.
30
(58 - (125 + -63)) + 3 + -6 + 5
-2
Evaluate -192 + -65 + -4 + 158.
-103
49 + 97 + -100 + (3 - -7) + 1
57
Evaluate (4 - ((32 - -24) + -41)) + -21.
-32
Calculate -15 + -106 - (0 + -16 + 9 + -7).
-107
Evaluate 841 - 903 - (-35 + 2).
-29
2750 - 2697 - (64 + 0)
-11
What is -196 + 199 + -122 - (-25 - 1)?
-93
Calculate 140 + 1 + (-137 - -91) + 14.
109
Calculate -12 + 2 + (13 - 9) + (-1 - (44 + -1)).
-50
Calculate -47 + -1 + (5 + 23 - 2 - 20).
-42
2 + -46 + -1 + (-10 - (-22 + 8))
-41
What is the value of 2 - (-7 - (5 + (-10 - -6))) - -29?
39
What is the value of -44 - 36 - (-19 + (-4 + -5 - -6))?
-58
(-1324 - -1223) + (64 - -2)
-35
Evaluate -7 + (50 - 83) + 23.
-17
Evaluate -38 - ((-28 - -23) + (-15 + 16 - (2 + -8))).
-40
What is the value of 944 + -938 + (2 - -16)?
24
Evaluate -25 - -25 - (2 - ((5 - 8) + -1)).
-6
What is -13 + -28 + 45 + -27 + 19?
-4
What is 39 - (-45 + -35 + 80 - (13 + -1))?
51
8 + 2 - ((-11 - 15 - -13 - -9) + 43)
-29
What is (3 - 1) + (-3 - 1) + 4 + -367 + 341?
-24
Calculate -2 - (-11 - 33 - 9).
51
Evaluate -9 + 2 - (-13 + (0 - 20)) - -6.
32
What is -82 - (20 + -25 + -74)?
-3
What is 48 - (-29 + 39 - -32)?
6
What is the value of -29 + 45 - (-12 - (-43 - -12))?
-3
What is (-22 - 2) + (3 - 1) - 3?
-25
What is -5 + (-13 - -43) + (337 - 281)?
81
What is the value of 42 + (-11 - 1) - (-257 + 366)?
-79
Calculate (904 - 948) + -1 + 21.
-24
What is the value of -9 + 15 + (-63 - 0) + -2 + 12?
-47
What is -1 + -4 + 0 + (-635 - -633) - -28?
21
What is (19 - 7) + -2 + (2 - 3)?
9
What is the value of -28 + 12 + -23 - 5?
-44
0 + 20 + -9 + (-11 - -13) + 88
101
What is -18 - -48 - 14 - (-5 + 140 + -2)?
-117
What is the value of 47 - (-37 - (-32 - -30)) - (16 - 0)?
66
What is the value of (42 - (-15 + 11)) + -31?
15
Calculate -117 - -109 - (-14 + -70).
76
Calculate (1 - -5) + -24 + (68 + 10 + -4 - 23).
33
What is the value of 40 + -1 + -2 - (83 + -59 + -36)?
49
Evaluate 0 + 26 + (-203 - -182) - 22.
-17
-2 - 151 - (-324 - -264)
-93
Evaluate (2619 - 2512) + (21 - -5 - 4).
129
Evaluate -4 + -5 + 3 + 10 + 7.
11
Evaluate (13 - (25 - 19)) + -20 - 8.
-21
What is 9 - (15 - 27) - (22 + -8)?
7
Evaluate -67 + 0 + (-19 - -76) + -33 + -1 + -12.
-56
What is the value of (-71 + -3 - -139) + 38 + -9?
94
Calculate -308 - -74 - -77 - -216.
59
4 + 16 - (-1 - -10 - (18 + -13))
16
Calculate -1 + 138 - (-7 - (-23 + 9 + 26) - -34).
122
Evaluate 83 - ((61 - 21) + 15).
28
What is 53 - 14 - (88 + -87)?
38
10 - 17 - (-22 - 0) - 9 - 9
-3
(15 - 98) + -25 - -45
-63
Calculate 45 + -89 + (1 - 9) - (-3 - -15 - 5).
-59
Calculate (-89 - 0) + (5 - 9 - (-2 - 24)).
-67
-1 + 7 + (-17 - (-14 + -7)) - (-19 + 26)
3
What is 38 + (-3 - (-26 + (7 - 9)))?
63
What is the value of 27 - -22 - (3 - -15)?
31
Calculate (-7 - -15) + -27 - (-7 + -2) - 4.
-14
Evaluate 4 + -27 + -70 + -2 + (13 - 14).
-96
What is 209 + -146 + -48 + 3?
18
What is the value of 14 + -15 + 4 + 10 - -43?
56
What is -52 + 11 + (5 - 16) + (3 - (-1 - -1))?
-49
Calculate 9 + (2 - (-16 - (-84 + 30))).
-27
Calculate -78 - (-13 + 24 + -2 - 7 - 2).
-78
Calculate -3443 + 3327 + (-1 - -69).
-48
What is the value of -71 - (-60 - -93 - 69)?
-35
Evaluate -412 + 419 - ((-17 - -15) + (-13 - 1)).
23
What is -50 + -2 - (-168 + 95 + 52)?
-31
What is the value of 8 + (-53 - (19 + -14 - -12))?
-62
Evaluate 38 - 5 - ((40 - 108) + 164).
-63
(1 - -22) + -429 + 395
-11
Evaluate -24 + 63 + (77 - 38).
78
77 - ((-146 - -86) + 216)
-79
3 - (2 + 2 + 59) - (-2 - -3)
-61
What is -98 + 34 - (-1 + 14 + -24)?
-53
Calculate 135 + -154 + 12 + (8 - 5) + -5.
-9
Evaluate -35 + 222 + -120 - (-9 + 0).
76
What is -13 - (-1 + -1) - (-266 - -247) - 46?
-38
What is the value of -493 + 488 + (-5 - -26)?
16
What is 11 + -2 + 28 + 70 + -146?
-39
What is the value of 0 + -3 - (8 + 0 + -1984 + 1996)?
-23
Calculate -24 - (12 - (-65 + 85 + 8 + -1)).
-9
What is the value of 177 + -175 - (5 + (-9 - 6))?
12
What is the value of -36 - (22 + -68) - (2 + -1 - -20)?
-11
Calculate -9 + 0 + (12 - 16) + (-5 - -3 - 2).
-17
Calculate -804 + 731 + (-9 + -2 - -4).
-80
What is 25 + -16 + (-1 - -30 - -11)?
49
106 - (16 + 94 + -143)
139
(0 - -9 - (21 - 5 - (-56 - -81))) + -7
11
What is (-5 + -1 + -9 - 33) + (7 - (-1 - -4))?
-44
What is (-89 - (-4 + -153)) + -78?
-10
-6 - (-7 + 2 - ((0 - -91) + 849 + -875))
64
-1 + 1 + (20 - 41) + -4 - -167
142
What is -14 + (-15 - (-10 - -3) - 41) + 10?
-53
Evaluate -48 - (-6 - -2 - (20 + 15 - 43)) - 9.
-61
Calculate (-25 - (6 + -34) - -25) + 67.
95
84 + -76 + -9 + -14 + -2
-17
What is the value of (-1 - (1 - -20)) + (317 - 329)?
-34
What is the value of -20 + (41 - 41) + 17?
-3
What is (9 - -4) + (0 - -2) + (2208 - 2196)?
27
What is the value of (84 - (-76 + 177)) + 6 + -2?
-13
Calculate (247 - 152) + 32 + -239.
-112
What is the value of (-76 - -44) + (3 - (8 + -2)) + 4?
-31
7 - ((-42 + 9 - -17) + 22) - (-1 - -15)
-13
What is the value of (-6 - (101 + -207)) + -64?
36
6 + 3 - (-5 - (-12 + -9 - -4)) - 73
-76
-27 - (6 + -1 + (354 - 344))
-42
Evaluate -8 + 14 + -9 + 4 + 2 + -9 + 15.
9
Calculate (-2 - 1 - (628 + -618)) + -20.
-33
What is the value of -133 + -101 + 248 + -34?
-20
What is the value of -11 - (36 - (-27 + 57) - (1 - -14))?
-2
What is the value of 51 + -42 + 5 + (33 - -6) + 0?
53
What is the value of -43 + 4 + -567 + 589?
-17
What is the value of (-33 - -12) + -36 + 19?
-38
What is -58 + -11 + -22 + 10 + (15 - 1)?
-67
What is -27 - (11 + (-12 - -3 - -8) - 10)?
-27
What is the value of -151 - -138 - (-29 - -70)?
-54
What is the value of 14 + 72 + -29 + (1 - 22)?
36
What is the value of -79 + (-41 + 7 - -69)?
-44
Evaluate 141 - ((1 - 0) + 112).
28
What is the value of -10 - ((72 - 175) + 39)?
54
Evaluate 768 + -769 - (137 - 11).
-127
((-5 - -2 - -7) + -5 + 10 - 8) + 33
34
3 - (-11 + 24 - (-13 - -42))
19
What is 97 + -95 + -41 + (1 - -3)?
-35
Evaluate 1 - -57 - (197 - 63 - 110).
34
(49 - -10) + -6 + 8 + 5 +